 + 16.
22
Calculate (-2 - 5) + (4 - -9) + 72 + 6 + -15.
69
What is the value of 2 + 1 - (16 + (-207 - -33) - -48)?
113
Evaluate 51 + -58 + 53 - 57.
-11
Evaluate -5 + 3 - (77 - 103).
24
Calculate (-20 - 12) + (6 - (2 - 14)) + 50.
36
What is the value of (-11 + -18 - 6) + -57 + 58 + 5?
-29
Calculate (-25 - -14) + 8 + (-5 - (8 - 20)).
4
-4 + (-1 - 9 - -6) - (-31 + 37 - 70)
56
What is -3 + (-2 - 3) + (-167 - -179 - (-51 - 3))?
58
(38 - 8) + -42 + 43 + -5
26
What is the value of -155 + 48 + 1 - -105?
-1
(-7 + 12 - -2) + (2 - (11 - 2)) + -40
-40
18 + -5 + -21 + -5 - -9 - (33 + -3)
-34
6 + (10 + -1 - (-29 + 39)) + -48
-43
Evaluate (-10 - (47 - 71)) + (4 - -5).
23
What is the value of -28 - 2 - (-152 - -193 - 44)?
-27
Calculate (0 + -2 - 1) + (23 - (10 + 21 - 22)).
11
Calculate (1 - 1) + -82 - (-184 - -188 - -10).
-96
-29 + 24 + 87 + -49
33
Calculate (-13 - 3) + (76 - 127 - -40).
-27
-19 + 40 + (33 - 10 - -19)
63
Evaluate (-6 + 8 - -15) + (24 - 7).
34
(34 - 58) + (-7 - (-25 - -6))
-12
Evaluate (-2 - (-12 - (-7 - -1)) - 3) + (-49 - -43).
-5
-3 + -5 + -1557 + 1635
70
What is -115 - -78 - (13 - 7)?
-43
What is (18 - 20) + -16 + -43 + 12?
-49
What is 3 + -11 + 41 + -42 + -88 - -9?
-88
(-9 - (-10 + 9 + 9)) + 6 + -46
-57
Calculate 4 + -163 + 3 + 5323 + -5281.
-114
What is -108 + 38 + -7 - (26 + -8)?
-95
Calculate 2 + -13 - (-85 + 0 - ((-25 - -9) + 17)).
75
Calculate 2 + -24 + (23 + 59 - -1).
61
What is the value of 11 + -1 + (-74 - -5) + 42?
-17
Calculate (23 - 25 - 3) + 1 + (4 - 0) + -71.
-71
What is (22 - -41 - -8) + -32?
39
Calculate (-4 - (43 - -7 - (11 + -3))) + (6 - 2).
-42
What is the value of 1 + 1 + -129 - (-51 + (55 - -28) + -40)?
-119
Calculate 5 + (-4 + (-19 - -17) - 4) + 30.
25
What is the value of 45 + -53 + 5 - (27 + 1)?
-31
Calculate -3 + 3 + -55 + (-17 - -19) + 48 + -46.
-51
(42 - 44 - (-8 + 0)) + 3 + -44 + -3
-38
What is (121 - 38) + -119 + (-2 + 2 + -3 - 3)?
-42
What is the value of (-2 - (22 + -43 + 22)) + -6 + -3?
-12
What is (87 - -13) + -40 - ((3 - (-5 - -4)) + 0)?
56
What is 90 - ((7 - (-5 - 0)) + -50 + 20 + 7)?
101
Evaluate (6 - -5) + -2 + (-113 + 126 - (1 + 2)).
19
10 + (82 + -77 + 1 + -4 - 14)
-2
What is the value of -18 - (-57 + -7 + (-67 - -88))?
25
Calculate -68 + (7 + 10 - -18) - 46.
-79
What is the value of 72 - (29 + -11) - 11 - 4?
39
Calculate -14 - (-2 + 7 + (60 - -1) - (400 + -405)).
-85
(15 + -15 - -13) + 5 + (-2 - 24) + 10
2
Calculate (-5 - (-101 + 11)) + 15 - (-14 - 1).
115
What is the value of -18 + (15 + -5 - 16) + -8 + 0?
-32
What is (-4 - (-17 + 21 - 19)) + -41 + (-5 - -4)?
-31
Calculate -4 - ((5 - -10 - 19) + -71 + 12).
59
What is the value of (0 - (1 + 52)) + (2303 - 2309)?
-59
Evaluate -22 + 0 + (173 - 40) + -111.
0
What is the value of 10 - (-2 - 10 - (16 + 20 + -16 - 75))?
-33
What is 29 + 22 + -152 + 150 + 3 + 1?
53
Evaluate 10 + (12 + -19 + 12 - (-10 + 73)).
-48
Evaluate 13 - (-36 - (13 + -12 + -13 + 3)).
40
Calculate 67 - -12 - ((54 - 16) + -24).
65
Evaluate -17 - (39 - (65 - 2)).
7
What is the value of -3 - (28 + -41) - (-4 - 10)?
24
-13 + -10 + -11 - (125 - 215)
56
1 + -28 + 6 + 77 + 1
57
What is the value of (95 - (-59 - -140)) + -99?
-85
Evaluate 10 + (14 - 3) + (-2 - 6) + 68 + -60.
21
Calculate (-13 - 0) + (-314 - -347) + -1 + -8.
11
What is the value of -75 + (-7 - ((-1 - (16 - 5)) + -3))?
-67
Calculate (199 - 196) + (-5 - -16) + 4.
18
Evaluate 3 + (29 - ((-15 + 11 - 6) + 1)).
41
Evaluate 2 + 0 + 8 + 0 + -31 - (-115 - -114).
-20
Evaluate -6 + (-5 - 3) + -689 + 645.
-58
-24 - 1 - (23 - 36 - (-2 + -8))
-22
What is the value of 21 + (-50 - (-3 - (-20 - 0)))?
-46
-6 + (-21 - -21) + (-6 + -14 - -15)
-11
(-9 + 5 - (-4 + -3)) + 5 + 57
65
Evaluate 7 - -1 - (-2 - ((24 - 6) + -5)) - -4.
27
What is 12 + (9 - 9) - 17 - -17?
12
Evaluate 18 - 25 - (-8 - 12) - (-8 - 1).
22
Calculate 18 - (-72 + 92) - (3 - -14).
-19
306 - 336 - (-7 + 6)
-29
-15 + 10 - (6 + (27 - 59))
21
What is the value of -45 - (51 - 5 - 49)?
-42
-147 - (97 - (290 - 94))
-48
What is (3 - -72) + -1330 + 1230?
-25
What is the value of (78 - -1) + (-324 - -137 - -195)?
87
Evaluate 35 + 53 + 19 + -149.
-42
What is -16 - ((-5 - (33 + -12 + 4)) + 15)?
-1
Evaluate 2 + 1 + -20 + -3 + 1598 + -1608.
-30
What is 2 - ((15 - (-12 + -10 + 25)) + 17)?
-27
6 + -5 - (-43 + (-118 - -126) + (1 - 6))
41
What is the value of (-1 + -23 - -26 - 47) + -15?
-60
Calculate 0 + 15 + (-28 - (-36 + 11)) + (9 - 7).
14
What is the value of (18 + -2 - (54 + -31)) + (10 - (2 - 1))?
2
Evaluate (27 - 30) + 16 - 14.
-1
Calculate (32 - 51) + (9 - (1 - (1 - -2))).
-8
What is the value of 39 - (5 - (-7 + 11))?
38
-128 + (28 - -84 - 58)
-74
Evaluate -8 - 0 - (-65 - -169 - 72).
-40
What is the value of (-8 + 5 - (0 - -5)) + 1370 + -1365?
-3
Calculate -28 + (3 - (-6 - 3)) + -16 + -8.
-40
Calculate (75 - -2) + -262 + 151.
-34
What is -6 + -20 + (262 - 279)?
-43
What is 152 - (-126 + 107 - -75)?
96
What is (-51 - (7 + -10)) + -1 + 15 + (-6 - -4)?
-36
What is the value of -6 + (15 + -13 - 14 - (-5 + 2))?
-15
(82 + -69 - (-5 - (-4 - -21))) + 8
43
Evaluate 17 - (-18 - (-18 - (2 + 8))).
7
What is 1 + 1 + -7 - (-1 - 3 - (24 + -16))?
7
-9 + 0 + -35 + -5
-49
Evaluate 5 + (-41 - -34) + 6.
4
What is (0 - 78 - (1 + 9 + 14 + -13)) + 7?
-82
What is -10 + (-5 - (-4 - 1 - (34 + -31 + -2)))?
-9
What is the value of 84 + (77 - 182 - 57)?
-78
(2 - 23) + (8 - (-66 + 13))
40
What is -29 - (-6 - 29) - (5 + 2) - -6?
5
Calculate -2 + -5 + (7 + -6 + 36 - 33).
-3
Evaluate -1511 - -1566 - (31 - 0).
24
Evaluate 16 + 9 + 6 + (-2 - -10) + -20.
19
What is (-13 - 8) + (8 - -16) + (-1 - -24)?
26
What is -47 + (-120 - -172) - 46?
-41
Calculate (-9 - -8) + (47 + -6 - 44) + (-1 - 119).
-124
What is -6 - (-26 - -29 - (-17 - -14))?
-12
(3869 - 3846) + (14 - -1 - -3)
41
Calculate -10 + (-13 - (28 + -19 - -57 - 23)).
-66
-107 - 1 - (-14979 + 14909)
-38
Calculate 69 + -30 + 0 + -3 + 41 + -37.
40
0 + (16 - (9 - -17) - -1)
-9
What is the value of (197 - 207) + (-1 - -6) + 12?
7
What is (-95 - -121) + -2 + -103?
-79
Evaluate -14 - (91 + (38 - (31 - -9))).
-103
-57 - (-114 + -9) - 15
51
2 - ((-31 - -40) + 96 - (-5 + 0))
-108
Evaluate (-28 - (-12 - -48)) + 44 + 9.
-11
What is the value of (11 + (-25 - -7) - -18) + 1 + -51?
-39
What is -22 - (-1 + 1 + -58 + 27)?
9
Evaluate 10458 - 10555 - (1 + -50).
-48
What is -82 + 230 + -286 + 77?
-61
Evaluate -106 + (89 - 58) - (4 - 41).
-38
Evaluate 7 + (52 + -44 - -28).
43
Calculate -50 + -1 - (28 + -29 + 29 + -39).
-40
What is 19 + 83 - ((40 - (-9 - -20)) + -10)?
83
(3 + -1 - (-53 - 19)) + (62 - 51) + 10
95
Calculate -1 - -8 - ((-61 - 70) + 1).
137
What is -22 - (-19 - 7 - (136 - 102))?
38
What is 66 + 72 + (-13 - 198)?
-73
Calculate -20 + -27 - (189 + -174).
-62
What is the value of -69 + -17 + 22 + 26?
-38
What is (865 - 840) + (0 - -6) + -114?
-83
78 + -122 + (-3 - (-4 - 31))
-12
Calculate (5 - 5) + -23 - -66.
43
Calculate 20 + -1 + (-185 - (161 - 268)).
-59
What is the value of (124 - 125) + (6 - -20 - 5)?
20
Calculate 17 - (-49 + 89 - 26).
3
What is the value of -155 + 22 + -5 + 134?
-4
Calculate 92 + (-143 - 59) + -15.
-125
(9 + -45 - -11) + (-23 + 2 - -23)
-23
What is the value of -183 - 9 - (676 - 782)?
-86
Evaluate 45 + -144 + 60 + 11.
-28
8 - (-63 - -20) - 75
-24
What is -41 - (5 + -2 + 11 + -6) - -11?
-38
Calculate 143 - 62 - 24 - -79.
136
What is -27 - (-2 + -13 - (-88 + 66))?
-34
-11 + 3 - (9 + -12 + 8)
-13
3 - 2 - (71 - 74) - 58
-54
What is the value of 24 - 65 - (241 + -349)?
67
0 + -4 - (11 + -40 + 6 + -9) - 8
20
What is -3 + 9 + -43 - (-2 + (-2 - 6)) - 2?
-29
What is the value of -78 - (121 + -272) - -44?
117
What is the value of (-1 - -25) + (126 + -89 - 17)?
44
Evaluate ((-15 - -3) + 31 - 13) + 3 - -9.
18
Calculate 45 + (-14 - 0 - -10).
41
2 + (91 - -26) + -36
83
What is 1 - (10 + 7 + -6 + 0) - -1?
-9
Evaluate -8 + (16 - (4 + 2 + 0 + 0)) + -23.
-21
Calculate 10 - (-22 + (105 + -20 - -10)).
-63
62 + -120 + -153 + 140
-71
What is the value of 11 + (21 - (74 - 14)) - -13?
-15
What is (57 - 77 - 34) + 71?
17
Evaluate 76 + (-47 - -38) + (-10 - -2) + (6 - -4).
69
What is 63 - (0 - -12 - ((4 - -1) + (14 - 17)))?
53
What is the value of 18 + 3 - (-17 - -17 - -55)?
-34
What is the value of 13 + 1 - (-1473 - -1491)?
-4
What is -34 - (-98 + 81) - 14?
-31
What is 55 + -69 + 45 - -20?
